{"id":3613,"date":"2024-08-20T18:09:34","date_gmt":"2024-08-20T18:09:34","guid":{"rendered":"https:\/\/hairtamin.ma\/?page_id=3613"},"modified":"2024-08-20T18:09:36","modified_gmt":"2024-08-20T18:09:36","slug":"conditions-generales","status":"publish","type":"page","link":"https:\/\/hairtamin.ma\/?page_id=3613","title":{"rendered":"Conditions G\u00e9n\u00e9rales"},"content":{"rendered":"\n<p><strong>Exp\u00e9dition et Livraison<\/strong><\/p>\n\n\n\n<p>&#8211; Nous exp\u00e9dions votre commande dans un d\u00e9lai d&#8217;un jour ouvrable apr\u00e8s sa r\u00e9ception. Veuillez noter que les d\u00e9lais de livraison peuvent varier l\u00e9g\u00e8rement en raison de circonstances impr\u00e9vues, telles que les jours f\u00e9ri\u00e9s ou les retards des transporteurs. En moyenne, la livraison prend environ 3 jours ouvrables.<\/p>\n\n\n\n<p>&#8211; En cas de probl\u00e8me de livraison, nous vous informerons par e-mail et\/ou SMS.<\/p>\n\n\n\n<p><strong>Retours et \u00c9changes<\/strong><\/p>\n\n\n\n<p>&#8211; Vous pouvez \u00e9changer les produits contre des articles de m\u00eame valeur ou de valeur sup\u00e9rieure dans les 7 jours ouvrables suivant la r\u00e9ception de votre commande, sans frais suppl\u00e9mentaires. Les produits doivent \u00eatre intacts et scell\u00e9s.<\/p>\n\n\n\n<p>&#8211; Si vous recevez un produit endommag\u00e9 ou rencontrez un autre probl\u00e8me, vous pouvez le retourner dans les 7 jours ouvrables pour un remboursement complet. La p\u00e9riode de 7 jours commence le jour o\u00f9 vous recevez votre commande.<\/p>\n\n\n\n<p>&#8211; Veuillez noter que les produits dont le sceau a \u00e9t\u00e9 retir\u00e9 ne sont pas \u00e9ligibles pour un retour ou un \u00e9change.<\/p>\n\n\n\n<p>&#8211; Les produits re\u00e7us apr\u00e8s 7 jours ouvrables ne sont pas \u00e9ligibles pour un \u00e9change ou un retour, m\u00eame s&#8217;ils sont encore scell\u00e9s.<\/p>\n\n\n\n<p><strong>Annulations et Demandes<\/strong><\/p>\n\n\n\n<p>&#8211; Pour annuler une commande, demander un remboursement ou pour toute autre demande, veuillez nous envoyer un e-mail \u00e0 contact@hairtamin.ma<\/p>\n","protected":false},"excerpt":{"rendered":"<p>Exp\u00e9dition et Livraison &#8211; Nous exp\u00e9dions votre commande dans un d\u00e9lai d&#8217;un jour ouvrable apr\u00e8s sa r\u00e9ception. Veuillez noter que les d\u00e9lais de livraison peuvent varier l\u00e9g\u00e8rement en raison de circonstances impr\u00e9vues, telles que les jours f\u00e9ri\u00e9s ou les retards des transporteurs. En moyenne, la&#8230;<\/p>\n","protected":false},"author":1,"featured_media":0,"parent":0,"menu_order":0,"comment_status":"closed","ping_status":"closed","template":"","meta":{"_mi_skip_tracking":false,"footnotes":""},"yoast_head":"<!-- This site is optimized with the Yoast SEO plugin v17.8 - https:\/\/yoast.com\/wordpress\/plugins\/seo\/ -->\n<title>Conditions G\u00e9n\u00e9rales - HAIRtamin Maroc<\/title>\n<meta name=\"robots\" content=\"index, follow, max-snippet:-1, max-image-preview:large, max-video-preview:-1\" \/>\n<link rel=\"canonical\" href=\"https:\/\/hairtamin.ma\/?page_id=3613\" \/>\n<meta property=\"og:locale\" content=\"fr_FR\" \/>\n<meta property=\"og:type\" content=\"article\" \/>\n<meta property=\"og:title\" content=\"Conditions G\u00e9n\u00e9rales - HAIRtamin Maroc\" \/>\n<meta property=\"og:description\" content=\"Exp\u00e9dition et Livraison &#8211; Nous exp\u00e9dions votre commande dans un d\u00e9lai d&#8217;un jour ouvrable apr\u00e8s sa r\u00e9ception. Veuillez noter que les d\u00e9lais de livraison peuvent varier l\u00e9g\u00e8rement en raison de circonstances impr\u00e9vues, telles que les jours f\u00e9ri\u00e9s ou les retards des transporteurs. En moyenne, la...\" \/>\n<meta property=\"og:url\" content=\"https:\/\/hairtamin.ma\/?page_id=3613\" \/>\n<meta property=\"og:site_name\" content=\"HAIRtamin Maroc\" \/>\n<meta property=\"article:modified_time\" content=\"2024-08-20T18:09:36+00:00\" \/>\n<meta name=\"twitter:card\" content=\"summary_large_image\" \/>\n<meta name=\"twitter:label1\" content=\"Dur\u00e9e de lecture estim\u00e9e\" \/>\n\t<meta name=\"twitter:data1\" content=\"1 minute\" \/>\n<script type=\"application\/ld+json\" class=\"yoast-schema-graph\">{\"@context\":\"https:\/\/schema.org\",\"@graph\":[{\"@type\":\"Organization\",\"@id\":\"https:\/\/hairtamin.ma\/#organization\",\"name\":\"HAIRtamin Maroc\",\"url\":\"https:\/\/hairtamin.ma\/\",\"sameAs\":[],\"logo\":{\"@type\":\"ImageObject\",\"@id\":\"https:\/\/hairtamin.ma\/#logo\",\"inLanguage\":\"fr-FR\",\"url\":\"https:\/\/hairtamin.ma\/wp-content\/uploads\/2021\/12\/IMG_20211227_125129.png\",\"contentUrl\":\"https:\/\/hairtamin.ma\/wp-content\/uploads\/2021\/12\/IMG_20211227_125129.png\",\"width\":286,\"height\":286,\"caption\":\"HAIRtamin Maroc\"},\"image\":{\"@id\":\"https:\/\/hairtamin.ma\/#logo\"}},{\"@type\":\"WebSite\",\"@id\":\"https:\/\/hairtamin.ma\/#website\",\"url\":\"https:\/\/hairtamin.ma\/\",\"name\":\"HAIRtamin Maroc\",\"description\":\"Vitamines Essentielles Pour Les Cheveux\",\"publisher\":{\"@id\":\"https:\/\/hairtamin.ma\/#organization\"},\"potentialAction\":[{\"@type\":\"SearchAction\",\"target\":{\"@type\":\"EntryPoint\",\"urlTemplate\":\"https:\/\/hairtamin.ma\/?s={search_term_string}\"},\"query-input\":\"required name=search_term_string\"}],\"inLanguage\":\"fr-FR\"},{\"@type\":\"WebPage\",\"@id\":\"https:\/\/hairtamin.ma\/?page_id=3613#webpage\",\"url\":\"https:\/\/hairtamin.ma\/?page_id=3613\",\"name\":\"Conditions G\\u00e9n\\u00e9rales - HAIRtamin Maroc\",\"isPartOf\":{\"@id\":\"https:\/\/hairtamin.ma\/#website\"},\"datePublished\":\"2024-08-20T18:09:34+00:00\",\"dateModified\":\"2024-08-20T18:09:36+00:00\",\"breadcrumb\":{\"@id\":\"https:\/\/hairtamin.ma\/?page_id=3613#breadcrumb\"},\"inLanguage\":\"fr-FR\",\"potentialAction\":[{\"@type\":\"ReadAction\",\"target\":[\"https:\/\/hairtamin.ma\/?page_id=3613\"]}]},{\"@type\":\"BreadcrumbList\",\"@id\":\"https:\/\/hairtamin.ma\/?page_id=3613#breadcrumb\",\"itemListElement\":[{\"@type\":\"ListItem\",\"position\":1,\"name\":\"Home\",\"item\":\"https:\/\/hairtamin.ma\/\"},{\"@type\":\"ListItem\",\"position\":2,\"name\":\"Conditions G\\u00e9n\\u00e9rales\"}]}]}<\/script>\n<!-- \/ Yoast SEO plugin. -->","yoast_head_json":{"title":"Conditions G\u00e9n\u00e9rales - HAIRtamin Maroc","robots":{"index":"index","follow":"follow","max-snippet":"max-snippet:-1","max-image-preview":"max-image-preview:large","max-video-preview":"max-video-preview:-1"},"canonical":"https:\/\/hairtamin.ma\/?page_id=3613","og_locale":"fr_FR","og_type":"article","og_title":"Conditions G\u00e9n\u00e9rales - HAIRtamin Maroc","og_description":"Exp\u00e9dition et Livraison &#8211; Nous exp\u00e9dions votre commande dans un d\u00e9lai d&#8217;un jour ouvrable apr\u00e8s sa r\u00e9ception. Veuillez noter que les d\u00e9lais de livraison peuvent varier l\u00e9g\u00e8rement en raison de circonstances impr\u00e9vues, telles que les jours f\u00e9ri\u00e9s ou les retards des transporteurs. En moyenne, la...","og_url":"https:\/\/hairtamin.ma\/?page_id=3613","og_site_name":"HAIRtamin Maroc","article_modified_time":"2024-08-20T18:09:36+00:00","twitter_card":"summary_large_image","twitter_misc":{"Dur\u00e9e de lecture estim\u00e9e":"1 minute"},"schema":{"@context":"https:\/\/schema.org","@graph":[{"@type":"Organization","@id":"https:\/\/hairtamin.ma\/#organization","name":"HAIRtamin Maroc","url":"https:\/\/hairtamin.ma\/","sameAs":[],"logo":{"@type":"ImageObject","@id":"https:\/\/hairtamin.ma\/#logo","inLanguage":"fr-FR","url":"https:\/\/hairtamin.ma\/wp-content\/uploads\/2021\/12\/IMG_20211227_125129.png","contentUrl":"https:\/\/hairtamin.ma\/wp-content\/uploads\/2021\/12\/IMG_20211227_125129.png","width":286,"height":286,"caption":"HAIRtamin Maroc"},"image":{"@id":"https:\/\/hairtamin.ma\/#logo"}},{"@type":"WebSite","@id":"https:\/\/hairtamin.ma\/#website","url":"https:\/\/hairtamin.ma\/","name":"HAIRtamin Maroc","description":"Vitamines Essentielles Pour Les Cheveux","publisher":{"@id":"https:\/\/hairtamin.ma\/#organization"},"potentialAction":[{"@type":"SearchAction","target":{"@type":"EntryPoint","urlTemplate":"https:\/\/hairtamin.ma\/?s={search_term_string}"},"query-input":"required name=search_term_string"}],"inLanguage":"fr-FR"},{"@type":"WebPage","@id":"https:\/\/hairtamin.ma\/?page_id=3613#webpage","url":"https:\/\/hairtamin.ma\/?page_id=3613","name":"Conditions G\u00e9n\u00e9rales - HAIRtamin Maroc","isPartOf":{"@id":"https:\/\/hairtamin.ma\/#website"},"datePublished":"2024-08-20T18:09:34+00:00","dateModified":"2024-08-20T18:09:36+00:00","breadcrumb":{"@id":"https:\/\/hairtamin.ma\/?page_id=3613#breadcrumb"},"inLanguage":"fr-FR","potentialAction":[{"@type":"ReadAction","target":["https:\/\/hairtamin.ma\/?page_id=3613"]}]},{"@type":"BreadcrumbList","@id":"https:\/\/hairtamin.ma\/?page_id=3613#breadcrumb","itemListElement":[{"@type":"ListItem","position":1,"name":"Home","item":"https:\/\/hairtamin.ma\/"},{"@type":"ListItem","position":2,"name":"Conditions G\u00e9n\u00e9rales"}]}]}},"_links":{"self":[{"href":"https:\/\/hairtamin.ma\/index.php?rest_route=\/wp\/v2\/pages\/3613"}],"collection":[{"href":"https:\/\/hairtamin.ma\/index.php?rest_route=\/wp\/v2\/pages"}],"about":[{"href":"https:\/\/hairtamin.ma\/index.php?rest_route=\/wp\/v2\/types\/page"}],"author":[{"embeddable":true,"href":"https:\/\/hairtamin.ma\/index.php?rest_route=\/wp\/v2\/users\/1"}],"replies":[{"embeddable":true,"href":"https:\/\/hairtamin.ma\/index.php?rest_route=%2Fwp%2Fv2%2Fcomments&post=3613"}],"version-history":[{"count":1,"href":"https:\/\/hairtamin.ma\/index.php?rest_route=\/wp\/v2\/pages\/3613\/revisions"}],"predecessor-version":[{"id":3614,"href":"https:\/\/hairtamin.ma\/index.php?rest_route=\/wp\/v2\/pages\/3613\/revisions\/3614"}],"wp:attachment":[{"href":"https:\/\/hairtamin.ma\/index.php?rest_route=%2Fwp%2Fv2%2Fmedia&parent=3613"}],"curies":[{"name":"wp","href":"https:\/\/api.w.org\/{rel}","templated":true}]}}