{"id":3922,"date":"2025-11-17T15:24:01","date_gmt":"2025-11-17T15:29:34","guid":{"rendered":"https:\/\/hairtamin.ma\/?product=hairtamin-sleep-gummies"},"modified":"2025-11-17T15:29:34","modified_gmt":"2025-11-17T15:29:34","slug":"hairtamin-sleep-gummies-2","status":"publish","type":"product","link":"https:\/\/hairtamin.ma\/?produit=hairtamin-sleep-gummies-2","title":{"rendered":"HAIRtamin Sleep Gummies"},"content":{"rendered":"<p>Compte tes \u00e9toiles chanceuses avec nos gummies sommeil \u2014 un m\u00e9lange soigneusement \u00e9labor\u00e9 de plantes et de m\u00e9latonine pour accompagner ta routine du soir. Avec leur d\u00e9licieuse saveur de fruits rouges relev\u00e9e d\u2019une touche de zeste d\u2019orange, chaque gummy vegan transforme ton moment de d\u00e9tente nocturne en un rituel gourmand et agr\u00e9able. <\/p>\n<p>Formul\u00e9es avec 5 mg de m\u00e9latonine par portion et un m\u00e9lange botanique incluant camomille, passiflore, m\u00e9lisse, safran et ashwagandha, nos gummies sommeil sont une douce addition \u00e0 ta routine du soir.<br \/>Avec des ar\u00f4mes et des couleurs d\u2019origine naturelle, ces gummies offrent une fa\u00e7on d\u00e9licieuse et agr\u00e9able de compl\u00e9ter ton rituel nocturne. <\/p>\n","protected":false},"excerpt":{"rendered":"<p>SLEEPtamin. De tendres gummies apaisants, formul\u00e9s avec un m\u00e9lange de plantes et de m\u00e9latonine, con\u00e7us avec soin pour accompagner et adoucir ta routine de d\u00e9tente du soir. <\/p>\n","protected":false},"featured_media":3913,"comment_status":"open","ping_status":"closed","template":"","meta":{"_mi_skip_tracking":false},"product_cat":[69],"product_tag":[],"yoast_head":"<!-- This site is optimized with the Yoast SEO plugin v17.8 - https:\/\/yoast.com\/wordpress\/plugins\/seo\/ -->\n<title>HAIRtamin Sleep Gummies - HAIRtamin Maroc<\/title>\n<meta name=\"robots\" content=\"index, follow, max-snippet:-1, max-image-preview:large, max-video-preview:-1\" \/>\n<link rel=\"canonical\" href=\"https:\/\/hairtamin.ma\/?produit=hairtamin-sleep-gummies\" \/>\n<meta property=\"og:locale\" content=\"fr_FR\" \/>\n<meta property=\"og:type\" content=\"article\" \/>\n<meta property=\"og:title\" content=\"HAIRtamin Sleep Gummies - HAIRtamin Maroc\" \/>\n<meta property=\"og:description\" content=\"SLEEPtamin. De tendres gummies apaisants, formul\u00e9s avec un m\u00e9lange de plantes et de m\u00e9latonine, con\u00e7us avec soin pour accompagner et adoucir ta routine de d\u00e9tente du soir.\" \/>\n<meta property=\"og:url\" content=\"https:\/\/hairtamin.ma\/?produit=hairtamin-sleep-gummies\" \/>\n<meta property=\"og:site_name\" content=\"HAIRtamin Maroc\" \/>\n<meta property=\"og:image\" content=\"https:\/\/hairtamin.ma\/wp-content\/uploads\/2025\/11\/Product_Spec_Image_6.png\" \/>\n\t<meta property=\"og:image:width\" content=\"977\" \/>\n\t<meta property=\"og:image:height\" content=\"736\" \/>\n<meta name=\"twitter:card\" content=\"summary_large_image\" \/>\n<meta name=\"twitter:label1\" content=\"Dur\u00e9e de lecture estim\u00e9e\" \/>\n\t<meta name=\"twitter:data1\" content=\"1 minute\" \/>\n<script type=\"application\/ld+json\" class=\"yoast-schema-graph\">{\"@context\":\"https:\/\/schema.org\",\"@graph\":[{\"@type\":\"Organization\",\"@id\":\"https:\/\/hairtamin.ma\/#organization\",\"name\":\"HAIRtamin Maroc\",\"url\":\"https:\/\/hairtamin.ma\/\",\"sameAs\":[],\"logo\":{\"@type\":\"ImageObject\",\"@id\":\"https:\/\/hairtamin.ma\/#logo\",\"inLanguage\":\"fr-FR\",\"url\":\"https:\/\/hairtamin.ma\/wp-content\/uploads\/2021\/12\/IMG_20211227_125129.png\",\"contentUrl\":\"https:\/\/hairtamin.ma\/wp-content\/uploads\/2021\/12\/IMG_20211227_125129.png\",\"width\":286,\"height\":286,\"caption\":\"HAIRtamin Maroc\"},\"image\":{\"@id\":\"https:\/\/hairtamin.ma\/#logo\"}},{\"@type\":\"WebSite\",\"@id\":\"https:\/\/hairtamin.ma\/#website\",\"url\":\"https:\/\/hairtamin.ma\/\",\"name\":\"HAIRtamin Maroc\",\"description\":\"Vitamines Essentielles Pour Les Cheveux\",\"publisher\":{\"@id\":\"https:\/\/hairtamin.ma\/#organization\"},\"potentialAction\":[{\"@type\":\"SearchAction\",\"target\":{\"@type\":\"EntryPoint\",\"urlTemplate\":\"https:\/\/hairtamin.ma\/?s={search_term_string}\"},\"query-input\":\"required name=search_term_string\"}],\"inLanguage\":\"fr-FR\"},{\"@type\":\"ImageObject\",\"@id\":\"https:\/\/hairtamin.ma\/?produit=hairtamin-sleep-gummies#primaryimage\",\"inLanguage\":\"fr-FR\",\"url\":\"https:\/\/hairtamin.ma\/wp-content\/uploads\/2025\/11\/Product_Spec_Image_6.png\",\"contentUrl\":\"https:\/\/hairtamin.ma\/wp-content\/uploads\/2025\/11\/Product_Spec_Image_6.png\",\"width\":977,\"height\":736},{\"@type\":\"WebPage\",\"@id\":\"https:\/\/hairtamin.ma\/?produit=hairtamin-sleep-gummies#webpage\",\"url\":\"https:\/\/hairtamin.ma\/?produit=hairtamin-sleep-gummies\",\"name\":\"HAIRtamin Sleep Gummies - HAIRtamin Maroc\",\"isPartOf\":{\"@id\":\"https:\/\/hairtamin.ma\/#website\"},\"primaryImageOfPage\":{\"@id\":\"https:\/\/hairtamin.ma\/?produit=hairtamin-sleep-gummies#primaryimage\"},\"datePublished\":\"2025-11-17T15:29:34+00:00\",\"dateModified\":\"2025-11-17T15:29:34+00:00\",\"breadcrumb\":{\"@id\":\"https:\/\/hairtamin.ma\/?produit=hairtamin-sleep-gummies#breadcrumb\"},\"inLanguage\":\"fr-FR\",\"potentialAction\":[{\"@type\":\"ReadAction\",\"target\":[\"https:\/\/hairtamin.ma\/?produit=hairtamin-sleep-gummies\"]}]},{\"@type\":\"BreadcrumbList\",\"@id\":\"https:\/\/hairtamin.ma\/?produit=hairtamin-sleep-gummies#breadcrumb\",\"itemListElement\":[{\"@type\":\"ListItem\",\"position\":1,\"name\":\"Home\",\"item\":\"https:\/\/hairtamin.ma\/\"},{\"@type\":\"ListItem\",\"position\":2,\"name\":\"Boutique\",\"item\":\"https:\/\/hairtamin.ma\/?page_id=2956\"},{\"@type\":\"ListItem\",\"position\":3,\"name\":\"HAIRtamin Sleep Gummies\"}]}]}<\/script>\n<!-- \/ Yoast SEO plugin. -->","yoast_head_json":{"title":"HAIRtamin Sleep Gummies - HAIRtamin Maroc","robots":{"index":"index","follow":"follow","max-snippet":"max-snippet:-1","max-image-preview":"max-image-preview:large","max-video-preview":"max-video-preview:-1"},"canonical":"https:\/\/hairtamin.ma\/?produit=hairtamin-sleep-gummies","og_locale":"fr_FR","og_type":"article","og_title":"HAIRtamin Sleep Gummies - HAIRtamin Maroc","og_description":"SLEEPtamin. De tendres gummies apaisants, formul\u00e9s avec un m\u00e9lange de plantes et de m\u00e9latonine, con\u00e7us avec soin pour accompagner et adoucir ta routine de d\u00e9tente du soir.","og_url":"https:\/\/hairtamin.ma\/?produit=hairtamin-sleep-gummies","og_site_name":"HAIRtamin Maroc","og_image":[{"width":977,"height":736,"url":"https:\/\/hairtamin.ma\/wp-content\/uploads\/2025\/11\/Product_Spec_Image_6.png","type":"image\/png"}],"twitter_card":"summary_large_image","twitter_misc":{"Dur\u00e9e de lecture estim\u00e9e":"1 minute"},"schema":{"@context":"https:\/\/schema.org","@graph":[{"@type":"Organization","@id":"https:\/\/hairtamin.ma\/#organization","name":"HAIRtamin Maroc","url":"https:\/\/hairtamin.ma\/","sameAs":[],"logo":{"@type":"ImageObject","@id":"https:\/\/hairtamin.ma\/#logo","inLanguage":"fr-FR","url":"https:\/\/hairtamin.ma\/wp-content\/uploads\/2021\/12\/IMG_20211227_125129.png","contentUrl":"https:\/\/hairtamin.ma\/wp-content\/uploads\/2021\/12\/IMG_20211227_125129.png","width":286,"height":286,"caption":"HAIRtamin Maroc"},"image":{"@id":"https:\/\/hairtamin.ma\/#logo"}},{"@type":"WebSite","@id":"https:\/\/hairtamin.ma\/#website","url":"https:\/\/hairtamin.ma\/","name":"HAIRtamin Maroc","description":"Vitamines Essentielles Pour Les Cheveux","publisher":{"@id":"https:\/\/hairtamin.ma\/#organization"},"potentialAction":[{"@type":"SearchAction","target":{"@type":"EntryPoint","urlTemplate":"https:\/\/hairtamin.ma\/?s={search_term_string}"},"query-input":"required name=search_term_string"}],"inLanguage":"fr-FR"},{"@type":"ImageObject","@id":"https:\/\/hairtamin.ma\/?produit=hairtamin-sleep-gummies#primaryimage","inLanguage":"fr-FR","url":"https:\/\/hairtamin.ma\/wp-content\/uploads\/2025\/11\/Product_Spec_Image_6.png","contentUrl":"https:\/\/hairtamin.ma\/wp-content\/uploads\/2025\/11\/Product_Spec_Image_6.png","width":977,"height":736},{"@type":"WebPage","@id":"https:\/\/hairtamin.ma\/?produit=hairtamin-sleep-gummies#webpage","url":"https:\/\/hairtamin.ma\/?produit=hairtamin-sleep-gummies","name":"HAIRtamin Sleep Gummies - HAIRtamin Maroc","isPartOf":{"@id":"https:\/\/hairtamin.ma\/#website"},"primaryImageOfPage":{"@id":"https:\/\/hairtamin.ma\/?produit=hairtamin-sleep-gummies#primaryimage"},"datePublished":"2025-11-17T15:29:34+00:00","dateModified":"2025-11-17T15:29:34+00:00","breadcrumb":{"@id":"https:\/\/hairtamin.ma\/?produit=hairtamin-sleep-gummies#breadcrumb"},"inLanguage":"fr-FR","potentialAction":[{"@type":"ReadAction","target":["https:\/\/hairtamin.ma\/?produit=hairtamin-sleep-gummies"]}]},{"@type":"BreadcrumbList","@id":"https:\/\/hairtamin.ma\/?produit=hairtamin-sleep-gummies#breadcrumb","itemListElement":[{"@type":"ListItem","position":1,"name":"Home","item":"https:\/\/hairtamin.ma\/"},{"@type":"ListItem","position":2,"name":"Boutique","item":"https:\/\/hairtamin.ma\/?page_id=2956"},{"@type":"ListItem","position":3,"name":"HAIRtamin Sleep Gummies"}]}]}},"_links":{"self":[{"href":"https:\/\/hairtamin.ma\/index.php?rest_route=\/wp\/v2\/product\/3922"}],"collection":[{"href":"https:\/\/hairtamin.ma\/index.php?rest_route=\/wp\/v2\/product"}],"about":[{"href":"https:\/\/hairtamin.ma\/index.php?rest_route=\/wp\/v2\/types\/product"}],"replies":[{"embeddable":true,"href":"https:\/\/hairtamin.ma\/index.php?rest_route=%2Fwp%2Fv2%2Fcomments&post=3922"}],"wp:featuredmedia":[{"embeddable":true,"href":"https:\/\/hairtamin.ma\/index.php?rest_route=\/wp\/v2\/media\/3913"}],"wp:attachment":[{"href":"https:\/\/hairtamin.ma\/index.php?rest_route=%2Fwp%2Fv2%2Fmedia&parent=3922"}],"wp:term":[{"taxonomy":"product_cat","embeddable":true,"href":"https:\/\/hairtamin.ma\/index.php?rest_route=%2Fwp%2Fv2%2Fproduct_cat&post=3922"},{"taxonomy":"product_tag","embeddable":true,"href":"https:\/\/hairtamin.ma\/index.php?rest_route=%2Fwp%2Fv2%2Fproduct_tag&post=3922"}],"curies":[{"name":"wp","href":"https:\/\/api.w.org\/{rel}","templated":true}]}}