{"id":4046,"date":"2026-03-25T17:18:32","date_gmt":"2026-03-25T17:33:03","guid":{"rendered":"https:\/\/hairtamin.ma\/?product=hairtamin-biotin-repair-hair-mask"},"modified":"2026-03-25T22:47:23","modified_gmt":"2026-03-25T22:47:23","slug":"hairtamin-biotin-repair-hair-mask","status":"publish","type":"product","link":"https:\/\/hairtamin.ma\/?produit=hairtamin-biotin-repair-hair-mask","title":{"rendered":"HAIRtamin Biotin Repair Hair Mask"},"content":{"rendered":"<p>Le masque capillaire r\u00e9parateur profond HAIRtamin Biotine &amp; Botanicals est un soin intensif con\u00e7u pour restaurer et renforcer les cheveux secs, ab\u00eem\u00e9s ou fragilis\u00e9s.<\/p>\n<p>Enrichi en biotine et en extraits botaniques, il p\u00e9n\u00e8tre au c\u0153ur de la fibre capillaire pour am\u00e9liorer l\u2019\u00e9lasticit\u00e9, r\u00e9duire la casse et renforcer la sant\u00e9 globale des cheveux.<\/p>\n<p>Avec une utilisation r\u00e9guli\u00e8re, les cheveux deviennent plus doux, plus lisses et plus faciles \u00e0 coiffer, tout en retrouvant leur brillance naturelle et leur force.<\/p>\n<p>Bienfaits principaux :<\/p>\n<ul>\n<li>Hydrate et nourrit en profondeur<\/li>\n<li>R\u00e9duit la casse<\/li>\n<li>Apporte douceur et brillance<\/li>\n<li>Supports stronger, healthier-looking hair<\/li>\n<\/ul>\n<p>Convient \u00e0 tous les types de cheveux, particuli\u00e8rement secs, ab\u00eem\u00e9s ou trait\u00e9s chimiquement.<\/p>\n","protected":false},"excerpt":{"rendered":"<p>Nourrit, r\u00e9pare et renforce vos cheveux en profondeur gr\u00e2ce \u00e0 la biotine. Id\u00e9al pour redonner douceur, brillance et vitalit\u00e9 aux cheveux secs ou ab\u00eem\u00e9s. <\/p>\n","protected":false},"featured_media":4048,"comment_status":"closed","ping_status":"closed","template":"","meta":{"_mi_skip_tracking":false},"product_cat":[86,86],"product_tag":[],"yoast_head":"<!-- This site is optimized with the Yoast SEO plugin v17.8 - https:\/\/yoast.com\/wordpress\/plugins\/seo\/ -->\n<title>HAIRtamin Biotin Repair Hair Mask - HAIRtamin Maroc<\/title>\n<meta name=\"robots\" content=\"index, follow, max-snippet:-1, max-image-preview:large, max-video-preview:-1\" \/>\n<link rel=\"canonical\" href=\"https:\/\/hairtamin.ma\/?product=hairtamin-biotin-repair-hair-mask\" \/>\n<meta property=\"og:locale\" content=\"fr_FR\" \/>\n<meta property=\"og:type\" content=\"article\" \/>\n<meta property=\"og:title\" content=\"HAIRtamin Biotin Repair Hair Mask - HAIRtamin Maroc\" \/>\n<meta property=\"og:description\" content=\"Nourrit, r\u00e9pare et renforce vos cheveux en profondeur gr\u00e2ce \u00e0 la biotine. Id\u00e9al pour redonner douceur, brillance et vitalit\u00e9 aux cheveux secs ou ab\u00eem\u00e9s.\" \/>\n<meta property=\"og:url\" content=\"https:\/\/hairtamin.ma\/?product=hairtamin-biotin-repair-hair-mask\" \/>\n<meta property=\"og:site_name\" content=\"HAIRtamin Maroc\" \/>\n<meta property=\"article:modified_time\" content=\"2026-03-25T22:47:23+00:00\" \/>\n<meta property=\"og:image\" content=\"https:\/\/hairtamin.ma\/wp-content\/uploads\/2026\/03\/hairtamin-hair-mask-front.png\" \/>\n\t<meta property=\"og:image:width\" content=\"1100\" \/>\n\t<meta property=\"og:image:height\" content=\"1100\" \/>\n<meta name=\"twitter:card\" content=\"summary_large_image\" \/>\n<meta name=\"twitter:label1\" content=\"Dur\u00e9e de lecture estim\u00e9e\" \/>\n\t<meta name=\"twitter:data1\" content=\"1 minute\" \/>\n<script type=\"application\/ld+json\" class=\"yoast-schema-graph\">{\"@context\":\"https:\/\/schema.org\",\"@graph\":[{\"@type\":\"Organization\",\"@id\":\"https:\/\/hairtamin.ma\/#organization\",\"name\":\"HAIRtamin Maroc\",\"url\":\"https:\/\/hairtamin.ma\/\",\"sameAs\":[],\"logo\":{\"@type\":\"ImageObject\",\"@id\":\"https:\/\/hairtamin.ma\/#logo\",\"inLanguage\":\"fr-FR\",\"url\":\"https:\/\/hairtamin.ma\/wp-content\/uploads\/2021\/12\/IMG_20211227_125129.png\",\"contentUrl\":\"https:\/\/hairtamin.ma\/wp-content\/uploads\/2021\/12\/IMG_20211227_125129.png\",\"width\":286,\"height\":286,\"caption\":\"HAIRtamin Maroc\"},\"image\":{\"@id\":\"https:\/\/hairtamin.ma\/#logo\"}},{\"@type\":\"WebSite\",\"@id\":\"https:\/\/hairtamin.ma\/#website\",\"url\":\"https:\/\/hairtamin.ma\/\",\"name\":\"HAIRtamin Maroc\",\"description\":\"Vitamines Essentielles Pour Les Cheveux\",\"publisher\":{\"@id\":\"https:\/\/hairtamin.ma\/#organization\"},\"potentialAction\":[{\"@type\":\"SearchAction\",\"target\":{\"@type\":\"EntryPoint\",\"urlTemplate\":\"https:\/\/hairtamin.ma\/?s={search_term_string}\"},\"query-input\":\"required name=search_term_string\"}],\"inLanguage\":\"fr-FR\"},{\"@type\":\"ImageObject\",\"@id\":\"https:\/\/hairtamin.ma\/?product=hairtamin-biotin-repair-hair-mask#primaryimage\",\"inLanguage\":\"fr-FR\",\"url\":\"https:\/\/hairtamin.ma\/wp-content\/uploads\/2026\/03\/hairtamin-hair-mask-front.png\",\"contentUrl\":\"https:\/\/hairtamin.ma\/wp-content\/uploads\/2026\/03\/hairtamin-hair-mask-front.png\",\"width\":1100,\"height\":1100},{\"@type\":\"WebPage\",\"@id\":\"https:\/\/hairtamin.ma\/?product=hairtamin-biotin-repair-hair-mask#webpage\",\"url\":\"https:\/\/hairtamin.ma\/?product=hairtamin-biotin-repair-hair-mask\",\"name\":\"HAIRtamin Biotin Repair Hair Mask - HAIRtamin Maroc\",\"isPartOf\":{\"@id\":\"https:\/\/hairtamin.ma\/#website\"},\"primaryImageOfPage\":{\"@id\":\"https:\/\/hairtamin.ma\/?product=hairtamin-biotin-repair-hair-mask#primaryimage\"},\"datePublished\":\"2026-03-25T17:33:03+00:00\",\"dateModified\":\"2026-03-25T22:47:23+00:00\",\"breadcrumb\":{\"@id\":\"https:\/\/hairtamin.ma\/?product=hairtamin-biotin-repair-hair-mask#breadcrumb\"},\"inLanguage\":\"fr-FR\",\"potentialAction\":[{\"@type\":\"ReadAction\",\"target\":[\"https:\/\/hairtamin.ma\/?product=hairtamin-biotin-repair-hair-mask\"]}]},{\"@type\":\"BreadcrumbList\",\"@id\":\"https:\/\/hairtamin.ma\/?product=hairtamin-biotin-repair-hair-mask#breadcrumb\",\"itemListElement\":[{\"@type\":\"ListItem\",\"position\":1,\"name\":\"Home\",\"item\":\"https:\/\/hairtamin.ma\/\"},{\"@type\":\"ListItem\",\"position\":2,\"name\":\"Boutique\",\"item\":\"https:\/\/hairtamin.ma\/?page_id=2956\"},{\"@type\":\"ListItem\",\"position\":3,\"name\":\"HAIRtamin Biotin Repair Hair Mask\"}]}]}<\/script>\n<!-- \/ Yoast SEO plugin. -->","yoast_head_json":{"title":"HAIRtamin Biotin Repair Hair Mask - HAIRtamin Maroc","robots":{"index":"index","follow":"follow","max-snippet":"max-snippet:-1","max-image-preview":"max-image-preview:large","max-video-preview":"max-video-preview:-1"},"canonical":"https:\/\/hairtamin.ma\/?product=hairtamin-biotin-repair-hair-mask","og_locale":"fr_FR","og_type":"article","og_title":"HAIRtamin Biotin Repair Hair Mask - HAIRtamin Maroc","og_description":"Nourrit, r\u00e9pare et renforce vos cheveux en profondeur gr\u00e2ce \u00e0 la biotine. Id\u00e9al pour redonner douceur, brillance et vitalit\u00e9 aux cheveux secs ou ab\u00eem\u00e9s.","og_url":"https:\/\/hairtamin.ma\/?product=hairtamin-biotin-repair-hair-mask","og_site_name":"HAIRtamin Maroc","article_modified_time":"2026-03-25T22:47:23+00:00","og_image":[{"width":1100,"height":1100,"url":"https:\/\/hairtamin.ma\/wp-content\/uploads\/2026\/03\/hairtamin-hair-mask-front.png","type":"image\/png"}],"twitter_card":"summary_large_image","twitter_misc":{"Dur\u00e9e de lecture estim\u00e9e":"1 minute"},"schema":{"@context":"https:\/\/schema.org","@graph":[{"@type":"Organization","@id":"https:\/\/hairtamin.ma\/#organization","name":"HAIRtamin Maroc","url":"https:\/\/hairtamin.ma\/","sameAs":[],"logo":{"@type":"ImageObject","@id":"https:\/\/hairtamin.ma\/#logo","inLanguage":"fr-FR","url":"https:\/\/hairtamin.ma\/wp-content\/uploads\/2021\/12\/IMG_20211227_125129.png","contentUrl":"https:\/\/hairtamin.ma\/wp-content\/uploads\/2021\/12\/IMG_20211227_125129.png","width":286,"height":286,"caption":"HAIRtamin Maroc"},"image":{"@id":"https:\/\/hairtamin.ma\/#logo"}},{"@type":"WebSite","@id":"https:\/\/hairtamin.ma\/#website","url":"https:\/\/hairtamin.ma\/","name":"HAIRtamin Maroc","description":"Vitamines Essentielles Pour Les Cheveux","publisher":{"@id":"https:\/\/hairtamin.ma\/#organization"},"potentialAction":[{"@type":"SearchAction","target":{"@type":"EntryPoint","urlTemplate":"https:\/\/hairtamin.ma\/?s={search_term_string}"},"query-input":"required name=search_term_string"}],"inLanguage":"fr-FR"},{"@type":"ImageObject","@id":"https:\/\/hairtamin.ma\/?product=hairtamin-biotin-repair-hair-mask#primaryimage","inLanguage":"fr-FR","url":"https:\/\/hairtamin.ma\/wp-content\/uploads\/2026\/03\/hairtamin-hair-mask-front.png","contentUrl":"https:\/\/hairtamin.ma\/wp-content\/uploads\/2026\/03\/hairtamin-hair-mask-front.png","width":1100,"height":1100},{"@type":"WebPage","@id":"https:\/\/hairtamin.ma\/?product=hairtamin-biotin-repair-hair-mask#webpage","url":"https:\/\/hairtamin.ma\/?product=hairtamin-biotin-repair-hair-mask","name":"HAIRtamin Biotin Repair Hair Mask - HAIRtamin Maroc","isPartOf":{"@id":"https:\/\/hairtamin.ma\/#website"},"primaryImageOfPage":{"@id":"https:\/\/hairtamin.ma\/?product=hairtamin-biotin-repair-hair-mask#primaryimage"},"datePublished":"2026-03-25T17:33:03+00:00","dateModified":"2026-03-25T22:47:23+00:00","breadcrumb":{"@id":"https:\/\/hairtamin.ma\/?product=hairtamin-biotin-repair-hair-mask#breadcrumb"},"inLanguage":"fr-FR","potentialAction":[{"@type":"ReadAction","target":["https:\/\/hairtamin.ma\/?product=hairtamin-biotin-repair-hair-mask"]}]},{"@type":"BreadcrumbList","@id":"https:\/\/hairtamin.ma\/?product=hairtamin-biotin-repair-hair-mask#breadcrumb","itemListElement":[{"@type":"ListItem","position":1,"name":"Home","item":"https:\/\/hairtamin.ma\/"},{"@type":"ListItem","position":2,"name":"Boutique","item":"https:\/\/hairtamin.ma\/?page_id=2956"},{"@type":"ListItem","position":3,"name":"HAIRtamin Biotin Repair Hair Mask"}]}]}},"_links":{"self":[{"href":"https:\/\/hairtamin.ma\/index.php?rest_route=\/wp\/v2\/product\/4046"}],"collection":[{"href":"https:\/\/hairtamin.ma\/index.php?rest_route=\/wp\/v2\/product"}],"about":[{"href":"https:\/\/hairtamin.ma\/index.php?rest_route=\/wp\/v2\/types\/product"}],"replies":[{"embeddable":true,"href":"https:\/\/hairtamin.ma\/index.php?rest_route=%2Fwp%2Fv2%2Fcomments&post=4046"}],"wp:featuredmedia":[{"embeddable":true,"href":"https:\/\/hairtamin.ma\/index.php?rest_route=\/wp\/v2\/media\/4048"}],"wp:attachment":[{"href":"https:\/\/hairtamin.ma\/index.php?rest_route=%2Fwp%2Fv2%2Fmedia&parent=4046"}],"wp:term":[{"taxonomy":"product_cat","embeddable":true,"href":"https:\/\/hairtamin.ma\/index.php?rest_route=%2Fwp%2Fv2%2Fproduct_cat&post=4046"},{"taxonomy":"product_tag","embeddable":true,"href":"https:\/\/hairtamin.ma\/index.php?rest_route=%2Fwp%2Fv2%2Fproduct_tag&post=4046"}],"curies":[{"name":"wp","href":"https:\/\/api.w.org\/{rel}","templated":true}]}}